 Suppose -2*r + b*r = 40. What is the units digit of r?
8
Let i be ((-48)/(-6))/(4/2). Suppose 0 = -i*s - 0*s - l + 68, -22 = -s + l. What is the tens digit of s?
1
Let v(o) = o + 21. What is the units digit of v(-14)?
7
Let h = 2 - 79. What is the units digit of 152/11 + (-14)/h?
4
Let l = 1334 - 950. What is the hundreds digit of l?
3
Let n = 19 + -16. What is the units digit of n?
3
Let q(x) = -x**2 - 18*x - 10. What is the units digit of q(-13)?
5
What is the units digit of ((-12)/(-18))/(0 - 6/(-369))?
1
Let o(m) = -m**3 + 5*m**2 - 3*m + 4. Let j be o(4). Let g be 10/4 + (-4)/j. Suppose -3 = k, -3*c + k + g*k + 18 = 0. What is the units digit of c?
3
Let v(p) = -p**3 - p**2 - 12*p + 1. What is the hundreds digit of v(-6)?
2
Let v be (-6 - -1)/(2/4). Suppose 2*k + 3*k = 10. What is the units digit of (-5)/k*8/v?
2
Let a(o) = 3*o - 3. What is the tens digit of a(11)?
3
Let r = 1 + 12. Let b be -7*(-4 - (-2 + 1)). Let q = b - r. What is the units digit of q?
8
Suppose 6*p = -0*p + 96. Suppose -s + 0*s = 4. Let r = p + s. What is the units digit of r?
2
Suppose 3*q - 4*w = 264, -2*q = w + 42 - 207. What is the units digit of q?
4
Suppose 0*a + a = 4. Let k be (-2 - -2)/(8/a). Suppose k*c + 2*c = 6. What is the units digit of c?
3
Let h(b) be the third derivative of b**5/30 + b**4/12 - 2*b**3/3 + 3*b**2. Let j be h(-3). Suppose -g + 3 = -j. What is the units digit of g?
1
Let t = 10 + 8. What is the tens digit of t?
1
Let g = 43 - 21. What is the units digit of g?
2
Let z = 1 + 2. Suppose a = z*a - 32. What is the tens digit of a?
1
Suppose -4*h + 27 = 2*m - 25, m + 5*h = 17. Suppose -u = 5, 2*q + 5 = 5*u + m. Let b = q - -2. What is the units digit of b?
3
Suppose -4*i = v - 42, -v = -0*v - 2*i - 12. Let l(q) = -4*q + 6. Let p be l(4). Let u = p + v. What is the units digit of u?
2
Suppose -a + 1 = -2. What is the units digit of a?
3
Let a be (2/4)/(11/66). Suppose 15 + 44 = 2*n - 3*d, 0 = n - a*d - 34. What is the tens digit of n?
2
Let c be -1*(-2)/(-6)*0. Let m = c + 2. What is the units digit of m?
2
Suppose 14 + 34 = 4*a. Suppose 133 = 5*z - a. What is the units digit of z?
9
What is the units digit of 3*3/(4 + -1)?
3
Suppose 0 = -5*f + f. Suppose f = 7*t - 2*t - 60. Suppose x - 2*r = t, 0*x + 4*x + 5*r - 22 = 0. What is the units digit of x?
8
Suppose -22 = -3*d + 5. Let l(x) = 2*x - 8. What is the units digit of l(d)?
0
Suppose -45 = -3*o - 2*o. Let f be (6/o)/((-2)/(-3)). Suppose -l = -0*l - f. What is the units digit of l?
1
Let y = -2 - -1. Let w be 9/(-45) + y/(-5). Suppose w = -j - 6*c + 2*c + 2, -j + c + 17 = 0. What is the units digit of j?
4
What is the tens digit of -6*(3 + 76/(-6))?
5
Let x(l) = 10*l + 10. Let q be x(-5). Let z = 8 - q. What is the tens digit of z?
4
Suppose -l + 2*s + 48 = 0, 2*l = -s + 58 + 18. Suppose -2*r = -6*r + l. What is the units digit of r?
0
Let a(z) = z**2 - z - 4. Let r be (-2)/6 - (-26)/6. Let i be a(r). Let y = i - 5. What is the units digit of y?
3
Suppose 20 = -5*w + 4*w. Let i = w - -34. What is the units digit of i?
4
Suppose -11*v + 1274 = -376. What is the hundreds digit of v?
1
Suppose 10 = n - 2*m - 12, n = -5*m + 29. What is the tens digit of n?
2
Suppose -4*b = -3*v - 46, -b = -4*b - 4*v + 22. Let y(a) = a**3 - 9*a**2 - 9*a + 1. What is the units digit of y(b)?
1
Let p(v) = 2*v + 291. What is the units digit of p(0)?
1
Suppose 12 = -h - 3*h. Let x = h - -5. Suppose -x*o + 3*o = 7. What is the units digit of o?
7
Let f be ((-8)/12)/(2/(-9)). Suppose f*u = -u + 8. Suppose 5 = 3*g - u*g. What is the units digit of g?
5
Suppose 2*b + r - 2 = 0, -4 - 4 = 5*b - 4*r. Suppose b = h + 2 - 14. What is the tens digit of h?
1
Let r(d) = -3*d + 18. Let o(j) = -j + 9. Let p(z) = 5*o(z) - 3*r(z). Let i(y) = y + 4. Let m be i(3). What is the units digit of p(m)?
9
What is the units digit of (1 - 12*4)*-1?
7
Suppose -3*h - 2 = 19. What is the tens digit of (-104)/(-7) - 1/h?
1
Suppose -4*h = 2*g + 30, h + 4*g = -9 - 2. Let j be 2/7 - 33/h. Suppose 4*x - 5 = -5*p, -28 = -j*x + 4*p + 9. What is the units digit of x?
5
Let y(h) = -10*h + 27. What is the tens digit of y(-5)?
7
What is the units digit of (0 + 10)*4/8?
5
Suppose -8 = -2*c - 2*c. Suppose -15 = -4*s + 5. Suppose 3*r = -c*y - 1, 9 = 4*y - s*r - 0. What is the units digit of y?
1
Let z = 1 - 1. Suppose 0 = -4*f + 36 + 56. Suppose w + o = 6*w - 63, z = w + 5*o - f. What is the tens digit of w?
1
Let w = -23 - -16. Let f = w + 9. Suppose f*r + 0*r = -a + 2, -31 = -3*a - r. What is the tens digit of a?
1
Suppose -2*d - x - 12 = x, 5*d + 4*x = -25. What is the units digit of ((-108)/3)/(-3) + d?
1
Let z = -1 + 4. Let k(j) = j**3 + j**2 - 3*j + 1. What is the tens digit of k(z)?
2
Let s be (-12)/(-54) - 223/(-9). Suppose 3*j + 3 = -4*p, -5*p + 3*j + s + 5 = 0. What is the units digit of p?
3
Suppose 0 = -4*n - 0*n - 280. Let h be n/(-8) - 5/(-20). Let p(d) = d - 5. What is the units digit of p(h)?
4
Suppose -3*z + 62 = 3*u - u, 2*u = 2*z - 58. What is the tens digit of z?
2
What is the tens digit of (-2)/(-12) - (-3855)/90?
4
Suppose -2*q - 3*p - 28 = 0, 3*q - 5*p = -10*p - 44. Let m = q + 1. Let w = m - -10. What is the units digit of w?
3
Suppose 15 = 5*k - 0. Suppose h + k*w = -h + 1, -5*h - w = -35. What is the units digit of h?
8
Let f be (-3 - (-4 - -1))/2. Suppose s + 0*s - 20 = o, f = -4*s - 4*o + 64. What is the units digit of s?
8
Let o = 8 + -6. Suppose -o*h + 4 = -h. What is the units digit of h?
4
Let a = -4 - -19. Suppose k - 2*s - a = 2, k = 3*s + 22. Let l = k + -4. What is the units digit of l?
3
Let q = 90 - 42. Let l = q - 34. What is the tens digit of l?
1
Let n(w) = -2*w + w + 0*w - 2. Let v be n(-4). What is the units digit of 1/(v/((-8)/(-2)))?
2
Let s(x) = -2*x**3 - 10*x**2 + 2*x - 8. Let h be s(-6). Let i = h + -30. What is the tens digit of i?
2
Let q(w) = -w + 8. Let v be q(4). Let p = v - 1. What is the units digit of (p - 2) + (5 - 2)?
4
Suppose 30 = 4*v - 3*t, 8*v + 5*t - 20 = 3*v. Let g(m) = -2*m + 4. Let u be g(v). What is the units digit of 2/8 + (-46)/u?
6
Let p be 2/(-6) + 2/6. What is the units digit of (-1 + p)*-2 + 2?
4
Let y(m) = -m**2 + 7*m + 11. Let w be y(8). Suppose 2 = w*c - 37. What is the tens digit of c?
1
Let l(z) = 4*z**2 + 6*z + 4. What is the units digit of l(-3)?
2
Let b(f) = -4*f - 2. Let y be b(-2). Let g be ((-12)/(-9))/(4/y). What is the units digit of (-1 - -3) + (3 - g)?
3
Suppose -5*i = -215 - 250. What is the tens digit of i?
9
Let d be -50 - (1 - (5 - 2)). Let g = -21 - d. What is the units digit of g?
7
Let w(h) = h**2 - 8*h + 3. What is the units digit of w(10)?
3
Suppose -5*l - 4*c - 9 = 6, 3*l - 4*c = 23. Let q(v) be the second derivative of 3*v**5/20 + v. What is the units digit of q(l)?
3
Suppose 0 = -5*v + 2*v + 192. What is the units digit of v?
4
Suppose 0*y - 4 = -y. Suppose -2*b - 2*v = -y, b = -b - 5*v + 4. Suppose b*x + h + 4*h = 7, -4*x + 3*h = -53. What is the tens digit of x?
1
Let h(d) = 3*d - 13. What is the units digit of h(7)?
8
Let f be (-8)/(-52) + (-6)/39. Suppose f = 3*v - 2*n + n - 66, 5*n = 0. What is the units digit of v?
2
Let b(m) = m**3 - m**2 + m + 8. Let w be b(0). Suppose c = -c - w. Let o(g) = -2*g + 4. What is the tens digit of o(c)?
1
Suppose 2 = -n - 0. Let x = 0 - n. Suppose x*y + 0*y = 24. What is the tens digit of y?
1
Let d(m) = -6*m - 6. Let r(t) = 1. Let o(i) = d(i) + 5*r(i). Let b be o(-3). Let v = -11 + b. What is the units digit of v?
6
Suppose -2*y - y = 0, -5*s - 4*y = -80. Let l be s/(-24) + (-38)/6. Let x(w) = w**2 + 6*w - 2. What is the units digit of x(l)?
5
Suppose -y + 150 = -24. What is the units digit of y/4*(-4)/(-6)?
9
What is the units digit of (636/9)/(12/18)?
6
Suppose -3*t = -4*g + 2 + 18, 3*g = 2*t + 14. Suppose 4*x = -z - 10, 1 = -2*z - g*x - 1. Suppose -z*j - 3*j + 15 = 0. What is the units digit of j?
3
Let d be 2 - (1 + -1)/(-1). Let q be (d + (-2 - 5))*-1. Suppose q = l - 4. What is the units digit of l?
9
Let n(k) be the second derivative of k**4/12 + k**3/6 + k**2 - 2*k. What is the units digit of n(2)?
8
Let i(l) = l**3 - 10*l**2 - 2*l + 1. Let b be i(10). Let k = -13 - b. Suppose 0 = -k*v + 2*v + 44. What is the tens digit of v?
1
Suppose -3*y - 12 = 0, -4*y - 1 = 5*t - 0*y. What is the units digit of t?
3
Suppose